the value of -7 + 1 - (-12 + 11 + -7) - 21?
-19
What is the value of 5 - (-4 + (-55 - -58 - (-1 + 2)))?
7
What is the value of 0 + -7 - (173 + -149) - (-10 - -1)?
-22
Calculate 3 - (-16 + 6 + -10) - 8.
15
What is the value of 25 - (0 + 6 - (33 - (38 - 5)))?
19
Evaluate -19 + 43 - (-23 + 16).
31
Calculate -6 + 11 - (7 + (1 - 5) + 21).
-19
Evaluate -3 + 11 + -20 + 8.
-4
11 - (-6 - (23 - 12 - 8))
20
Evaluate -2 + 0 + (26 - (-55 - -47)).
32
Calculate -2 + -2 + (20 - (21 + -17)).
12
5 + -9 + -47 + 70
19
Evaluate -10 + 8 + -6 + -9 + 2.
-15
Calculate 7 - (1 + -5 + 9 + 21 + 0).
-19
Evaluate (-13 - (-13 + 4 + -3)) + -7 + 9.
1
What is -8 + -29 + 30 + 23 + (-7 - -4)?
13
What is the value of 8 + -23 + 15 + (-11 - -1)?
-10
What is the value of -31 - (-18 - 29) - (2 + 0)?
14
What is the value of (11 - 9 - (4 + -3) - -3) + -16?
-12
Evaluate 1 + (1 - (-6 + 14 - 4)).
-2
(90 + -43 - 37) + 2 + -18 + 1
-5
27 + -12 + 15 + (-3 - (0 - -3))
24
What is the value of -3 + 32 - (23 - 19) - 10?
15
-8 + (-1 - -2) + 0 + -7 + 11
-3
What is the value of 10 - 2 - (4 + (-30 - -16))?
18
What is -19 - (-1 - (1 + -1 - (3 + 2)))?
-23
What is -1 - (6 + 6) - 0 - 7?
-20
14 + -2 - (-6 + (13 - (6 - 1)))
10
-14 - -10 - (-51 + 69)
-22
Evaluate -4 + 18 + -1 - ((8 - 6) + -1).
12
What is the value of 19 + 18 + -35 + 7 - (0 - 1)?
10
Evaluate -9 - (-8 - (-12 + (-5 - -12))).
-6
150 - 166 - ((-4 - -8 - 7) + 1)
-14
-25 - (38 + 25 + -78)
-10
(-18 - 5 - -54) + 0 + (5 - 10)
26
What is -3 + -2 + 1 - (-23 + 57 + -35)?
-3
What is the value of (6 - 0 - (-3 + 9 - 5)) + -12?
-7
Evaluate 35 + (-8 - -26) + -31.
22
14 + -7 + -5 - (-8 + 10 + 12)
-12
Evaluate 3 - (8 - ((-9 - -6) + -11)).
-19
Calculate 2 + 23 + -139 + 135.
21
Calculate (-12 - ((-1 - 1) + -1 + 2)) + 8.
-3
What is 0 - (15 + 2 - -7)?
-24
Calculate 8 - (-15 - -16) - -24.
31
What is (-3 - -21) + (2 - (8 + -7 + 6))?
13
Calculate (48 - 25) + -27 + 11.
7
What is the value of (-7 - -2) + (120 - 98)?
17
1 + (-6 - -4 - -35) + -7 + -3
24
What is -2 + (8 - (-9 - 1 - -23))?
-7
Evaluate (-15 + -4 + 14 - -15) + 16 + -1.
25
What is 19 + -10 + -2 - -4?
11
What is the value of (29 - (30 + -6)) + (2 - 2) + 1?
6
Evaluate -34 + 5 + 2 + 14.
-13
What is the value of -24 + 12 + (-5 - -25)?
8
-8 + -5 + 4 + -7 - 2
-18
Calculate (-1 - (-2 - -3 - 11)) + 589 + -598.
0
-8 + 3 + -24 + 18
-11
14 - ((24 - 26) + 1 + 10) - 2
3
What is the value of 3 - (-1 - (-2 - 4 - -13 - 5))?
6
What is the value of (-17 - -18) + 22 + -14?
9
What is (-6 - 1) + 16 + -13 - 6?
-10
11 + -1 + (6 + 4 + -13 - 15)
-8
What is 19 + -2 - (19 + 1 + -9 + -4)?
10
45 + -24 + -13 - (0 - 0)
8
What is the value of 7 + (-6 - 3 - -8) + -4 + -6?
-4
Calculate -14 + (-47 + 63 - (7 - -1)) + -8.
-14
Calculate 2 + -2 + (9 - 17) + (-43 - -24).
-27
-10 + (6 - 0) + 13 + 3
12
What is 4 - -2 - (-2 + 6) - -12?
14
Calculate 31 + (2 - -8 - 3) - 6.
32
What is the value of (7 - (-4 - -27)) + 6 - -8?
-2
Calculate -12 - (6 - (22 - 12 - 10)).
-18
Calculate -60 + (119 - 51) + -1 + 3.
10
What is the value of 0 - (8 + (4 - 0)) - (6 + -12)?
-6
What is the value of 3 - 34 - (-76 + 78)?
-33
(-11 - -14) + 6 - (6 + 8)
-5
100 + -76 + (1 - 13) - -3 - 6
9
Calculate -2 - -8 - ((-4 - -3) + 2).
5
(-3 - -8) + (2 - 13) - (-6 - 10)
10
2 - (-20 + -7 + 13 + -3)
19
Calculate 36 + (20 - 59 - -9).
6
3 + -54 - -45 - (0 - (6 - 0))
0
What is the value of (8 - 24 - (1 - 10)) + -13?
-20
What is -13 + -24 + 15 + (0 - 3)?
-25
0 + 4 - -2 - (-34 - -36)
4
-27 - (-2 + 5 - -1 - 10) - -2
-19
Calculate 4 + (0 + (10 - 8) - 6).
0
What is the value of (8 + -3 - -1) + -28 - (-10 + 0)?
-12
Calculate (122 - 127) + -9 + -2.
-16
-3 - (2 + -3) - (-33 - -32 - -13)
-14
What is the value of (9 - (7 - 7)) + -20?
-11
(-24 - (-15 + 0)) + -1
-10
Evaluate 4 + (-5 - (10 + -12 + 6)).
-5
Evaluate -14 + 1 + -4 + (7 - 12).
-22
Evaluate (-1 - (10 + 2)) + 2 - (-690 - -684).
-5
What is the value of -2 - (2 - (15 - 0)) - (-18 + 54)?
-25
(-19 - ((2 - (-2 - 3)) + -4)) + -2
-24
-7 + 6 + -20 - -20
-1
Evaluate (2 - 4 - -7) + (18 - 23) + -12.
-12
Calculate 16 + -11 + 0 + (5 - 1) + -1.
8
What is 25 - (-7 + -5 + 11 + (-3 - -3))?
26
What is the value of -11 - (7 + 4 + -4 + -7 + -1)?
-10
What is 18 + -2 - ((-14 - 15) + 43)?
2
24 - (19 + -20 + 28)
-3
What is (2 + 3 - -12) + -13?
4
Evaluate -156 + 159 + (2 - 17).
-12
What is the value of -6 - ((-4 - -14) + (-20 - -12))?
-8
21 + -18 + (-17 - -1)
-13
-9 + (2 - (14 + -14))
-7
(304 - 292) + (1 - -7) + 14
34
Evaluate 10 + -5 - (3 + -11 + 0).
13
Calculate 3 + 15 + -17 - 19.
-18
Evaluate 6 - (-2 - (-1 - 0 - -5) - -17).
-5
11 + (-11 - 2) + (-1 - -5) + 29
31
(-18 - 37 - -9) + 37
-9
-9 + (-1 - 8) + 22 + 1
5
Evaluate -33 + (-24 - -30) - (1 - 9) - -8.
-11
Evaluate 17 + (17 + -30 - 1).
3
What is 5 + 24 + 1 - 6?
24
Evaluate 9 + -2 + -16 + -2.
-11
What is -10 - (-12 + 2 - -16)?
-16
Calculate -14 + -16 + 20 + -13 + (11 - -2).
-10
Evaluate 8 + 21 + -24 + 11.
16
-16 + 3 + 13 + -8
-8
What is 5 + -3 + (-7 - (6 + -12)) - -3?
4
-32 - (19 + 7 + -45)
-13
Calculate 90 + -75 - (1 + 9).
5
What is 10 + (6 - (-2 + 11 + -11))?
18
(1 + -4 - ((31 - 12) + -16)) + 6
0
(-4 - (-8 + 11)) + -6 + 5 + 2
-6
15 - ((-5 - -5) + 11)
4
What is the value of -9 + -4 + 6 + (10 - (7 + 8))?
-12
Calculate (1 - 8) + 23 - 8.
8
What is the value of 12 + -36 + -7 - -24?
-7
What is 169 + -195 + 11 + 2?
-13
(4 - 1) + -11 + 4
-4
Evaluate -17 - (-37 - -51 - (25 + 1)).
-5
0 + -7 - (20 + -7 - -2 - 14)
-8
Calculate -19 - (0 + -9 + 6 - 7).
-9
Calculate 14 + (-1 - 2) + (64 - 32 - 11).
32
What is the value of (6 - 11) + (-2 - (-36 - -10))?
19
(15 + -7 - 11) + 18 + -3
12
Evaluate (7 - -1) + (6 - (5 - 1)) + -4.
6
Evaluate -39 + 89 + (-55 - -35).
30
What is the value of (-1 + 5 - ((-1 - 1) + 15)) + 3?
-6
6 + 17 + -2 + -18
3
What is 479 - 520 - (-36 - -1)?
-6
What is the value of 2 + -22 + (7 + (-7 - -15) - 8)?
-13
What is 13 + -12 + (7 - -1)?
9
What is the value of -4 - (-19 + 0 + 14) - (-2 - 5)?
8
What is the value of 8 + -8 - (-2 - 6)?
8
Evaluate (4 - (12 + (11 - 19))) + -1.
-1
(12 - (-8 - (-3 - 5))) + -1
11
What is the value of -7 + 16 + (-9 - -1) + 12?
13
What is (-10 - (-12 + (-14 - -16))) + 2?
2
Calculate -22 + 8 + -12 - -14.
-12
(7 - -10) + -22 + 7
2
What is the value of 2 - (9 + -7 + -3 - 2) - -8?
13
Calculate -2 + 0 + -3 + 443 + -403.
35
-1 + 0 + 9 + -4 - (6309 - 6306)
1
Calculate 1 + 11 + (34 - (52 + -9)).
3
What is -1 + 8 + ((-12 - 9) + 11 - -33)?
30
What is -28 + 22 + (2 - 10) - -13?
-1
Evaluate 2 + -5 - -14 - (134 - 111).
-12
Evaluate -30 - ((1 - 2) + 0) - (-3730 + 3722).
-21
Evaluate 5 + ((-3 - -6) + (5 - 3) - 2).
8
What is 9 + (7 - ((-1 - -11) + -6))?
12
Calculate -21 - (-24 + 19) - (2 + -11 + 2).
-9
Calculate -21 - -35 - (20 - 6).
0
0 + -4 + (4 - 2) + -6
-8
Calculate -12 - 0 - (-21 + 12 + 10 + 2).
-15
What is -38 + 3 - (-9 - -6 - -5)?
-37
What is the value of -1 + 11 + -4 + -5 + -3 + 1?
-1
What is 2 + (-3 - 14) + (-14 + 18 - -4)?
-7
What is the value of 28 + (-58 - -44 - (-18 - -5))?
27
Calculate -4 - (-2 + (5 - (-3 + -4 + 32))).
18
Calculate (-7 - -25) + 16 + -17 + -8.
9
What is (-3 - 6) + -1 + 7 + 16?
13
What is 22 - (8 + 19 + -16)?
11
What is -3 + 0 + (21 - 25) + (3 - -3)?
-1
What is the value of -1 + 3 + -2 + 4 + 4?
8
What is the value of 0 - (-2 + 3) - (3 - (-7 - -6))?
-5
(53 - 21 - 13) + -8
11
What is the value of (-4 - (-1 - 3)) + (1 - (6 - 0))?
-5
Evaluate (0 - (-4 - -7 - 7)) + 8.
12
Evaluate -9 + 24 + (-14 + 8 - (-6 + 5)).
10
Calculate (-15 - -15) + -16 - (-2 - (-9 + 5)).
-18
What is the value of 383 + -357 - (2 + -5)?
29
-6 + 15 + -7 - (1 + 16 - -3)
-18
-720 - -717 - (0 + (2 - 14))
9
What is 16 + 6 + -15 + (-6 - 2) + 8?
7
What is (-39 - (-5 + -13)) + 15?
-6
-20 - -8 - (-8 - 18)
14
What is (7 + -2 - (-3 + 3)) + (7 - 5)?
7
What is -10 - (7 + 4 + -5 + 4)?
-20
Calculate -4 - (17 + (3 - 0) - 12).
-12
Calculate 4 + -9 - (-6 + 3).
-2
Calculate 11 + (-11 - (-17 + 3)).
14
25 + (0 + 9 - 21)
13
-2 + 7 - (22 - 0 - 11) - 1
-7
Calculate 785 - 774 - (1 + -7).
17
1 - (-7 + 28 + -35)
15
What is -1 + (10 + -7 - 8) + 0?
-6
What is -10 - (-14 + -3 + 1) - (4 + -1)?
3
What is (-6 - (-4 - 1)) + (-8 + 12 - -2)?
5
What is 0 + 6 + -6 + 5 + -12 + -17?
-24
What is the value of -1 + 0 - ((-28 - -2) + (14 - 0))?
11
What is the value of (-35 - (-7 + -10)) + 25?
7
What is the value of -170 + 160 + (14 - -1)?
5
What is the va